 the remainder when 282 is divided by u?
15
Let z(d) = -53*d + 277. Let w be z(-34). Suppose 9*y - w = -12*y. What is the remainder when 394 is divided by y?
97
Let v be (-9)/(-3) + 1/2*-18. Let n be -2 - (2 - 316) - (v + 3). Suppose 3*p + n = 3*s, 5*p + 379 = 4*s - 38. Calculate the remainder when s is divided by 29.
21
Let r(f) = 26 + 4*f**2 - 17 - 6*f - 3*f**2. What is the remainder when 107 is divided by r(6)?
8
Let y(g) = 21*g + 1. Let f(q) be the first derivative of 2*q**3/3 + 3*q**2 - 14*q - 25. Calculate the remainder when y(4) is divided by f(3).
19
What is the remainder when 18/24 - ((-1659)/12 + 0) is divided by 79?
60
Let l = -78 + 78. Suppose l = 2*s + 52 - 54. Calculate the remainder when -4 + s - (-38 + 0) is divided by 21.
14
Let z = 449 + 739. What is the remainder when z is divided by 29?
28
Suppose 26*q - 1533 = 5*q. Let t(z) = 5*z + 40. What is the remainder when q is divided by t(-7)?
3
Let r(h) = 4*h - 5. Suppose -8*q + 13*q = 10. Suppose -5*p - t = -0*t - 48, -p - t + 12 = 0. Calculate the remainder when p is divided by r(q).
0
Suppose -621*u + 613*u + 56 = 0. Let c(g) = 2*g**2 - 8*g - 21. Calculate the remainder when (6/1)/((-6)/(-75)) is divided by c(u).
12
Suppose 5 = -0*n - n. Let g(x) = -x**3 + 10*x**2 + 11*x + 9. Let b be g(11). Let v = n + b. Calculate the remainder when 8 is divided by v.
0
What is the remainder when 105 is divided by (7 - 0)*(-120)/(-140)?
3
Suppose -5*g - 2*v - 4 = 0, -2*g + 2*v + 2*v = -8. Let f = 293 - 231. What is the remainder when f is divided by (18 - 5) + (-2 - g)?
7
Let s(o) = 2*o**3 - 43*o**2 - 186*o + 9. Calculate the remainder when s(28) is divided by 15.
13
Let y(n) = -n**3 + 47*n**2 - 45*n + 22. Suppose 2*s + 7*i = 2*i + 72, -3*i = -4*s + 196. What is the remainder when 215 is divided by y(s)?
11
Let y = -1261 - -1266. Let i = 7 - 3. Suppose -3*u + 58 = b, -i*b + 192 = 5*u - u. What is the remainder when b is divided by y?
3
Let r(k) = k**3 - 10*k**2 - 28*k + 3. Let b be r(12). Let f = b + 49. Suppose 22 = f*t - c, -4*t + 17 = t + 4*c. What is the remainder when t is divided by 4?
1
Suppose 2*x + 45 = 17*x. Let w(h) = 4 - 20*h**3 + 49*h**3 + h**x. What is the remainder when w(2) is divided by 49?
48
Let d(q) = 117*q**2 + 57*q - 25. What is the remainder when d(-7) is divided by 166?
163
Suppose -5*p - 4*s = -258, 0 = -3*p - 2*s + 62 + 92. Calculate the remainder when p is divided by ((-287)/82)/((-2)/4).
1
Let z be ((-4)/(-6))/(2/15). Suppose 126 = 38*f - 36*f - 2*a, 3*a + 249 = 4*f. Suppose f = -z*j + 7*j. What is the remainder when 149 is divided by j?
29
Suppose -5*x - 422 = -2*j - 58, -3*j - 4*x = -569. What is the remainder when j is divided by -15 - (16 + -46 + -11 + 16)?
7
What is the remainder when 285 is divided by (-24684)/(-306) - 1/(3*-1)?
42
Let j = 4 + 220. Suppose -5*u + j = 189. What is the remainder when 18 is divided by u?
4
Let u(o) = -2*o**3 + 10*o**2 - 3*o + 1. Calculate the remainder when (-64)/(-112) + (-1011)/(-7) + 1 is divided by u(4).
20
Let v = 59 - 58. Let q be -1 + 0 + -1 + v + 2. Calculate the remainder when 35 is divided by q/((-1)/(-10) + 0).
5
Suppose 45*i = 180*i + 94*i - 1518957. What is the remainder when i is divided by 31?
30
Let d(r) be the first derivative of -r**2/2 - 3*r - 25. Let b(h) = -10*h - 3. Calculate the remainder when b(-3) is divided by d(-13).
7
Let l(r) = r - 2. Let w be l(5). Suppose 2*z + 7 = p - 7, 0 = 2*p + w*z. Calculate the remainder when (-5285)/(-6342)*(-156)/(-5) is divided by p.
2
Suppose -4*y - 2*c = -1588, 5*y = 2*y - 4*c + 1206. Calculate the remainder when y is divided by 72.
34
Suppose 1700 = 5*d - 5*b, -2*d - 2*b + 695 = -1. Suppose x = -3*r + d, -4*x - 3*r + 1822 = 491. Calculate the remainder when x is divided by 30.
29
Suppose 22 - 6 = -r - 3*g, -2*r - 3*g = 35. Let k = 5 - r. Let w = 34 - 21. Calculate the remainder when k is divided by w.
11
Let d(p) = 5*p**3 + 12*p**2 - 13*p - 10. Calculate the remainder when 118 is divided by d(-3).
0
Suppose 63 = 3*q + 3*g, -4*q + 4*g = -2*q - 48. Suppose 16 + 27 = -5*a + d, 2*d = 2*a + q. Let c = 4 - a. Calculate the remainder when 20 is divided by c.
8
Suppose -u - 235 = -4*x, 0 = x - 79*u + 74*u - 54. What is the remainder when 553 is divided by x?
22
Calculate the remainder when (-50)/(-40)*-2*15864/(-10) is divided by 9.
6
Suppose -231*g - 45425 = -236*g. What is the remainder when g is divided by 16?
13
Let j be 134 - (-1 + 9)/4. Let h = j + -47. Calculate the remainder when h is divided by 18.
13
Let i = 0 + 5. Suppose i*p - 2*p - 81 = 0. Calculate the remainder when (12 - 10) + 2 + 1 - -74 is divided by p.
25
Let o = -14800 + 21877. Calculate the remainder when o is divided by 10.
7
What is the remainder when (-22398)/9*15/(-10) is divided by 45?
43
Let s(r) = -3*r**3 - 86*r**2 - 3*r - 804. Let z(t) = t**3 - 6*t**2 + 4*t - 2. What is the remainder when s(-29) is divided by z(6)?
14
Suppose 3*n + 3*k = 24, 69 = 4*n + k + 34. Suppose -3*p + 169 = 67. Calculate the remainder when p is divided by n.
7
Let u = 99 - 86. Let r = -98 + 53. Let s = -42 - r. Calculate the remainder when u is divided by s.
1
Let s(g) be the first derivative of -g**2/2 + 24*g - 9. Suppose m - 10*m = -441. Calculate the remainder when m is divided by s(11).
10
Let k(h) = -1237*h - 7247. Calculate the remainder when k(-6) is divided by 46.
37
Suppose 0 = 11*z - 2*z - 2637. Let n = 376 - z. Calculate the remainder when n is divided by 14.
13
Suppose 0 = 2*o - x - 48, 3 = -2*o - 5*x + 51. What is the remainder when 409 is divided by o?
1
Suppose 0*v - 5*v = -10. Suppose -5*q - 243 = -3*u, 2*u + v*q - 374 = -3*u. What is the remainder when u is divided by 40?
36
Let i(m) = m**2 + 2. Let t be i(4). Suppose -15 = -3*n - 2*r, -r + t = 5*n - 0*n. What is the remainder when 62 is divided by (13/2)/(n/6)?
10
Let s(h) = -h**2 - 2*h + 11. Let x be s(-3). Let w = x - -4. Let a(m) = 3*m**2 + 7*m + 4. What is the remainder when a(-6) is divided by w?
10
Let c(a) = a**2 - 8*a + 5. Let x be c(8). Let d(l) = -l**2 + 24*l - 14. Let q be d(22). Suppose x*w - q = -0. What is the remainder when 6 is divided by w?
0
Suppose -5*z + 2*z - 507 = 0. Let q = z - -329. What is the remainder when q is divided by 21?
13
Suppose 4*g - 221 = -3*r + 524, -937 = -5*g + 2*r. Calculate the remainder when g is divided by 27.
25
Suppose 41*l + i + 1002 = 44*l, -4*l + 1329 = i. Calculate the remainder when l is divided by 19.
10
Suppose -4*x + 24 = -16*x. Calculate the remainder when 226 is divided by (-122)/x - -3*10/15.
37
Let l(h) = h**3 + 19*h**2 + 5*h - 217. Suppose -5*g = -503 - 512. Calculate the remainder when g is divided by l(-18).
16
Let d = -5366 - -13448. What is the remainder when d is divided by 105?
102
Let b = 59532 + -59525. Suppose 0 = 3*y + 273 + 6. Let i = y + 146. What is the remainder when i is divided by b?
4
Let p = -588684 - -588910. What is the remainder when p is divided by (-6)/(-15) - 526/(-10)?
14
Let u(n) = -112*n + 1550. Suppose 0 = -3*g + 15 + 9. What is the remainder when u(12) is divided by g?
6
Suppose 89 = 5*o - 36. Suppose 354*u = 352*u + 6. Suppose -y = -a + 9, 11*a = 9*a + u*y + 20. What is the remainder when o is divided by a?
4
Let c(p) = p**2 + p - 7. Let n be c(3). What is the remainder when (-2)/(2/(-35)) + -2 + n is divided by -1 + 1 - (-17 - 4)?
17
Suppose -4*o = -5*o + 4*l + 20, -64 = -5*o + 2*l. Suppose 4*n - 5 = -2*w + 27, 0 = 4*w - 5*n - 38. What is the remainder when w is divided by o?
0
Let h(o) = -o + 4. Let v be h(6). Let x be (77 - -3 - v) + 0. Suppose 0 = -2*c + u + 24, 0 = -c - 4*c - 3*u + x. What is the remainder when 69 is divided by c?
13
Let l be (-10)/(-4)*68/10. Let j = 30 - l. Suppose -5*n - 3*h = -2*n - 231, 77 = n - 4*h. What is the remainder when n is divided by j?
12
Suppose g = 2, -4*f + 5*g - 1 = 5. What is the remainder when (396/231)/((-10)/(-735)) is divided by f*(2 + 12 + 2)?
14
Suppose 44*r = 5231 + 4755 - 262. Calculate the remainder when 3754 is divided by r.
218
Let v = 670 + -621. What is the remainder when v is divided by (18/(-10))/(-2*(-9)/(-300))?
19
Suppose -2*c - b = -3, -12 - 12 = -3*c + 5*b. Suppose -c*r + 24 = -0*r. Suppose z - 17 = -4*z - 12. What is the remainder when r is divided by z?
0
What is the remainder when 2157 is divided by 16